 555526.
34
What is the highest common divisor of 444810 and 15?
15
What is the highest common factor of 220 and 2772?
44
What is the greatest common divisor of 7203 and 8379?
147
What is the highest common factor of 3540 and 5070?
30
Calculate the greatest common divisor of 4686 and 8378.
142
Calculate the greatest common factor of 1233 and 213720.
411
What is the highest common divisor of 3393 and 4293?
9
Calculate the greatest common factor of 6507 and 135.
27
Calculate the highest common factor of 2202 and 9175.
367
Calculate the greatest common divisor of 280082 and 11.
11
What is the highest common factor of 18 and 998640?
18
Calculate the highest common divisor of 1506 and 54969.
753
Calculate the highest common divisor of 18561 and 207.
69
Calculate the greatest common factor of 104176 and 238.
34
Calculate the greatest common divisor of 179964 and 162.
18
Calculate the greatest common factor of 63875 and 1625.
125
Calculate the highest common divisor of 6 and 59184.
6
What is the greatest common divisor of 1457 and 1736?
31
What is the greatest common divisor of 28397 and 657?
73
What is the highest common factor of 5511 and 6501?
33
Calculate the highest common factor of 326 and 101549.
163
Calculate the highest common divisor of 906 and 126.
6
Calculate the highest common divisor of 8456 and 2744.
56
Calculate the greatest common divisor of 45 and 1277145.
45
Calculate the greatest common factor of 374 and 28594.
34
Calculate the greatest common factor of 4728 and 3986886.
1182
Calculate the greatest common divisor of 308 and 336952.
308
What is the greatest common factor of 127131 and 465?
93
Calculate the greatest common divisor of 18512 and 4264.
104
Calculate the greatest common factor of 7574 and 98.
14
What is the greatest common factor of 75359 and 179?
179
What is the highest common factor of 126053 and 3029?
233
Calculate the highest common factor of 94020 and 510.
30
Calculate the greatest common divisor of 3898332 and 24.
12
Calculate the greatest common factor of 1375 and 3817.
11
Calculate the greatest common factor of 519561 and 540.
27
Calculate the highest common divisor of 47579 and 53405.
971
Calculate the greatest common factor of 1520597 and 13.
13
Calculate the highest common factor of 248 and 50220.
124
Calculate the highest common divisor of 34095 and 705.
15
What is the highest common divisor of 171 and 1413?
9
Calculate the greatest common factor of 13475 and 86975.
1225
Calculate the highest common divisor of 970 and 13810.
10
What is the greatest common factor of 126 and 16086?
42
What is the greatest common factor of 548 and 191937?
137
Calculate the greatest common divisor of 91 and 874783.
91
Calculate the greatest common divisor of 256 and 36.
4
What is the greatest common factor of 2496 and 4800?
192
What is the greatest common divisor of 20937 and 17535?
21
What is the greatest common factor of 2514240 and 45?
45
Calculate the highest common factor of 2061 and 8919.
9
What is the greatest common divisor of 153 and 36054?
9
What is the highest common factor of 370 and 213638?
74
Calculate the greatest common divisor of 52 and 1781.
13
Calculate the greatest common factor of 67 and 481730.
67
What is the greatest common divisor of 1275 and 75?
75
What is the greatest common factor of 2470 and 433238?
494
Calculate the highest common factor of 15 and 55845.
15
Calculate the highest common factor of 223595 and 454.
227
Calculate the highest common factor of 52596 and 23863.
487
Calculate the highest common divisor of 7038 and 16767.
207
Calculate the highest common factor of 3026 and 102706.
178
Calculate the highest common divisor of 2291 and 1363.
29
Calculate the greatest common divisor of 351101 and 323.
323
What is the greatest common divisor of 21 and 954030?
21
What is the greatest common factor of 6874446 and 6?
6
What is the highest common divisor of 794 and 4755266?
794
What is the greatest common divisor of 107733 and 4?
1
What is the highest common factor of 75 and 3117?
3
Calculate the highest common divisor of 70227 and 108.
27
Calculate the highest common divisor of 62602 and 14.
2
What is the greatest common factor of 207 and 978052?
23
What is the greatest common factor of 1317 and 16243?
439
Calculate the greatest common divisor of 8717 and 828.
23
Calculate the highest common divisor of 36 and 79092.
36
Calculate the greatest common divisor of 69 and 12811.
23
Calculate the highest common divisor of 129346 and 826.
14
Calculate the greatest common factor of 177 and 49029.
177
Calculate the highest common factor of 174002 and 1928.
482
Calculate the highest common factor of 20 and 56930.
10
What is the highest common factor of 470 and 3055?
235
Calculate the highest common factor of 57 and 13243.
19
What is the greatest common factor of 26 and 303342?
26
What is the highest common divisor of 325 and 5954?
13
What is the greatest common factor of 370 and 28712?
74
What is the highest common divisor of 1806 and 27825?
21
Calculate the highest common divisor of 645 and 1156915.
215
What is the highest common factor of 2888 and 32528?
152
What is the highest common factor of 685546 and 254?
254
Calculate the greatest common divisor of 561616 and 48.
16
What is the highest common divisor of 84450 and 150?
150
Calculate the highest common divisor of 2857557 and 2355.
471
What is the greatest common divisor of 688 and 4323392?
688
What is the highest common factor of 166 and 833818?
166
What is the greatest common factor of 924950 and 650?
650
What is the highest common factor of 23220 and 9900?
180
Calculate the greatest common factor of 26 and 23257.
13
Calculate the greatest common factor of 347663 and 268.
67
Calculate the greatest common factor of 783372 and 36.
12
Calculate the greatest common factor of 7202 and 416.
26
Calculate the highest common factor of 437150 and 350.
350
Calculate the greatest common divisor of 2405 and 533.
13
What is the highest common divisor of 3 and 72843?
3
Calculate the greatest common factor of 11 and 24431.
11
Calculate the greatest common factor of 16 and 162296.
8
Calculate the highest common factor of 19065 and 7440.
465
What is the greatest common factor of 325 and 275?
25
Calculate the highest common divisor of 3894871 and 155.
31
What is the highest common divisor of 1780629 and 633?
633
Calculate the greatest common factor of 223 and 169257.
223
Calculate the highest common factor of 41 and 5371.
41
What is the highest common divisor of 25574 and 1346?
1346
Calculate the greatest common factor of 135 and 5930.
5
Calculate the highest common divisor of 542 and 22776466.
542
Calculate the highest common factor of 6168 and 1176.
24
Calculate the highest common factor of 3029 and 13.
13
What is the highest common factor of 1237 and 444083?
1237
What is the greatest common factor of 584 and 19064?
8
Calculate the greatest common divisor of 1040 and 2735.
5
What is the highest common divisor of 8262 and 3264?
102
What is the highest common divisor of 14359 and 2249?
173
What is the greatest common factor of 1452 and 21538?
242
What is the highest common divisor of 19100 and 425?
25
What is the highest common factor of 3552 and 108?
12
Calculate the highest common divisor of 96 and 3228168.
24
Calculate the highest common factor of 38 and 122531.
19
What is the greatest common factor of 240 and 433770?
30
What is the greatest common divisor of 50280 and 120?
120
Calculate the greatest common divisor of 48949 and 62.
31
What is the highest common divisor of 97193 and 166?
83
Calculate the greatest common divisor of 1850 and 20550.
50
What is the greatest common factor of 44233 and 979?
89
Calculate the highest common factor of 85 and 494785.
85
Calculate the greatest common divisor of 880 and 6710.
110
What is the greatest common factor of 169 and 70135?
169
What is the greatest common factor of 23760 and 1452?
132
Calculate the greatest common factor of 91 and 56266.
7
What is the greatest common divisor of 183 and 33367?
61
Calculate the highest common divisor of 253 and 869.
11
What is the greatest common divisor of 2256 and 202288?
752
Calculate the highest common divisor of 25856 and 512.
256
Calculate the greatest common divisor of 259598 and 44